 is divided by l?
33
Suppose -85 - 752 = -9*l. What is the remainder when l is divided by 51?
42
Let m(q) = 3*q**2 - 5. Let g(t) = 4*t. Calculate the remainder when m(5) is divided by g(9).
34
Suppose -163*j + 80 = -159*j. What is the remainder when 34 is divided by j?
14
What is the remainder when 8 is divided by 7 + (-2 - 0) + -4 + 2?
2
Let g(j) = j + 5. Let a be g(6). Let f(n) = n + 21. Suppose -4*p = -4*h + 64, -2*p + 5*p = -2*h + 7. Calculate the remainder when f(a) is divided by h.
10
Suppose 4*i + t - 25 = 6*t, -5*i = 4*t - 21. Let d = 9 - i. Suppose 3*f = 28 - d. Calculate the remainder when 30 is divided by f.
6
Suppose 197 - 292 = -5*v. Calculate the remainder when 54 is divided by v.
16
Suppose k - 6 = 4. Suppose 4*v = 2*t + k, -3*t - 5*v + 35 = -t. Calculate the remainder when 34 is divided by t.
4
Let t(h) = -20*h**3 + 3*h**2 - h - 2. What is the remainder when 149 is divided by t(-1)?
17
Let b = 233 - 326. What is the remainder when -4 - b - 9/(0 + 3) is divided by 11?
9
Suppose -m + a = -34, -4*m - 4*a = 60 - 188. What is the remainder when m is divided by 5?
3
Suppose 2*n - 2*l = -l + 924, 4*l - 904 = -2*n. What is the remainder when n is divided by 6?
4
Let z = -58 + 109. Let t = z - 19. What is the remainder when t is divided by 2/4 - 42/(-4)?
10
Suppose 3*f = -4*o + 228, 8*o + 2*f = 13*o - 262. What is the remainder when 212 is divided by o?
50
Suppose -74*r = -73*r - 300. What is the remainder when r is divided by 103?
94
Let y(i) = i**3 + 4*i**2 + 3*i. Let u be y(-7). Let x = u - -236. Calculate the remainder when x is divided by 14.
12
Let g = 30 + 24. Let k be g - (-7)/((-21)/(-6)). Let q = -38 + k. What is the remainder when 52 is divided by q?
16
Let c(a) = 2*a + 204. Calculate the remainder when c(-42) is divided by 33.
21
Let g = -268 - -399. What is the remainder when g is divided by 38?
17
Suppose 43*d - 31*d = 4656. Calculate the remainder when d is divided by 15.
13
Let i(x) be the second derivative of x**3/3 + 7*x**2/2 - 11*x. Calculate the remainder when 6 is divided by i(-2).
0
Let y be 45 - 26 - (3 - 1). Let a(m) = 2*m + 10. Calculate the remainder when 219 is divided by a(y).
43
Let y be 0*1/(-6)*-3. Let g(q) = q**2 + q + 14. Calculate the remainder when 15/5*25/3 is divided by g(y).
11
Suppose -5*l = -7*l - 4*j + 42, 4*l + 2*j - 114 = 0. What is the remainder when 212 is divided by l?
26
Suppose 51*m = 47*m + 356. Calculate the remainder when m is divided by 5.
4
Suppose -5*b + 46 + 19 = 0. Let t = -11 - -62. Calculate the remainder when t is divided by b.
12
Suppose -3*u - 2*x = -108, -14 = u - 2*x - 42. Suppose 3*i - 8*i + 495 = 0. Calculate the remainder when i is divided by u.
31
Let b = 25 - 17. Suppose -66 = -b*o + 5*o. What is the remainder when 86 is divided by o?
20
Let d = 4 - 1. Suppose -2*x = 4*o - 60, -d*x + 44 = -x - 4*o. Let b(u) = 3*u**3 - 7*u**2 + 5*u + 2. Calculate the remainder when b(4) is divided by x.
24
Let m = -162 + 215. Calculate the remainder when m is divided by 29.
24
Suppose -6*i + 2*i = 5*g - 23, 3*i - 6 = 0. Let n(z) = z. What is the remainder when g is divided by n(3)?
0
Suppose 0*d = 20*d - 280. What is the remainder when 363 is divided by d?
13
Suppose -2*b + b = a - 6, b - 39 = -4*a. Calculate the remainder when 362 is divided by a.
10
Suppose -372*n = -359*n - 715. What is the remainder when n is divided by 9?
1
Let u(b) = -b**2 - 7*b - 3. Let o be u(-3). Let y(h) = h**3 - 8*h**2 - 8*h + 2. Calculate the remainder when 29 is divided by y(o).
7
Let j = -20 - -28. What is the remainder when ((0 - 2)/2)/(4/(-92)) is divided by j?
7
Let o = -1082 + 1151. Calculate the remainder when o is divided by 2 + 0 - (1 - 13).
13
Let p(n) = n**3 + 10*n**2 + 15*n - 12. Let t be p(-7). Suppose -d + t = -0*d + b, 5*b = 0. Calculate the remainder when 267 is divided by d.
27
Suppose 20*d + 567 = 27*d. Let y = d - 19. Calculate the remainder when y is divided by 21.
20
Suppose 0 = 4*r + 8, 4*l + r - 26 = -0*r. Let n = 1573 + -1555. What is the remainder when n is divided by l?
4
Let u = 11 + 26. Suppose o = 54 - u. What is the remainder when 202 is divided by o?
15
Let z(n) be the first derivative of -n**2 + 3*n + 6. What is the remainder when z(-5) is divided by 7?
6
Let n(z) = -z**2 + 3*z + 5. Let p be n(4). What is the remainder when (p + 2/(-4))/(1/94) is divided by 25?
22
Let h(z) = -z**2 + 27*z - 156. What is the remainder when 515 is divided by h(18)?
5
Let i(x) = 2*x**2 - 69*x + 451. What is the remainder when i(7) is divided by ((-4)/(-2))/(-4)*-34?
15
Let g(u) = -u**2 - 19*u + 15. Let w be (0 - 4) + -13 - (0 - 0). Suppose h = -2*f - f + 11, 30 = 2*h + 2*f. Calculate the remainder when g(w) is divided by h.
15
Let n = 44 - 13. Calculate the remainder when n is divided by (-6)/2*(-25 - -19).
13
Suppose o + 0*o - 2 = 0. Suppose 2*h = -3*l - 3*h + 14, -4*l = o*h - 42. Suppose 3*j - 52 = -l. Calculate the remainder when j is divided by 5.
3
Suppose -2*j - 2*n + 87 = 33, 0 = -2*j - 3*n + 52. What is the remainder when j is divided by 5?
4
Let c = 29 - 10. Suppose 4*m + 5*x - c + 6 = 0, -3*m = 3*x - 9. Suppose 26 = m*n + 2*y - 0*y, -2*n + 2*y = -18. Calculate the remainder when 31 is divided by n.
9
Suppose -402 = -5*i + g, -4*i + 404 = i - 2*g. Let n be 2 + (8/(-2) - -2). Suppose n = -3*l + l + i. What is the remainder when l is divided by 14?
12
Let z = 1576 + -1514. Calculate the remainder when 186 is divided by z.
0
Let s = 78 - 77. Let u = s - -15. What is the remainder when 31 is divided by u?
15
Let o be (6*3/54)/((-2)/(-18)). Suppose 2*s + o*c - 6 = s, 0 = -3*c - 6. What is the remainder when s is divided by ((-75)/(-6))/(-5)*-2?
2
Suppose 5*v - 30 = 2*f, 0 = v - 0*v + 2*f + 6. Suppose 3*l + 11 = 2*w, -2*l + 33 = v*w + 3*l. What is the remainder when 11 is divided by w?
4
Let v = -278 + 457. Calculate the remainder when v is divided by 30.
29
Let d(s) = -s**2 + 14*s - 2. Let n be d(12). Suppose -3*p - n - 38 = -3*t, 4*t + 5*p = 35. What is the remainder when t is divided by (-40)/(-7) + (-6)/(-21)?
3
What is the remainder when 176 is divided by (-6)/51 - (-10681)/187?
5
Let s = 157 - 102. Suppose -11*l + 280 = 29*l. Suppose s = 2*r + l. Calculate the remainder when 69 is divided by r.
21
Suppose -x + 13*h = 14*h - 36, -4*x + 138 = -2*h. What is the remainder when x is divided by 14 - (2 + (2 - 3))?
9
Let v(d) = -798*d**2 - 17*d + 4 + 803*d**2 + 2. What is the remainder when v(5) is divided by 8?
6
Let v(n) = 6 + 0 - 17*n + 20*n. Let r be v(-6). Calculate the remainder when 25 is divided by (-1)/2*(-2 + r).
4
Let p be -88 + 2 + 6 + -4. Let m = p + 140. Calculate the remainder when m is divided by 15.
11
Let b(h) = -h + 4. Let j be b(6). What is the remainder when -13*((-16)/4 - j) is divided by 16?
10
What is the remainder when 308 is divided by (-17)/(-3*(-3)/(-18)) - 3?
29
Let v(z) be the second derivative of z**3/2 - 11*z**2/2 + z. Let k be v(14). Let r = 78 - k. Calculate the remainder when r is divided by 16.
15
Suppose 9*l = 22*l - 104. What is the remainder when 221 is divided by l?
5
Suppose 3*o - 70 = -m, -5*o - 2*m = -50 - 68. What is the remainder when 63 is divided by o?
19
Let d = -49 - -165. Suppose -d - 268 = -6*b. What is the remainder when b is divided by 13?
12
Let s = 298 + -230. Calculate the remainder when s is divided by 8.
4
Let t be 2 - (1 + (-4 - 0)). Suppose i + t*f - 3*f - 92 = 0, -5*i = 2*f - 492. What is the remainder when i is divided by 26?
22
Let j(y) = -y**3 + 8*y**2 - 8*y + 163. What is the remainder when 106 is divided by j(9)?
6
Calculate the remainder when (36 + 0/(-1))*1 is divided by (-19 - -24)*(7 + -3).
16
Let u = 246 - 226. Calculate the remainder when 79 is divided by u.
19
Let z(l) = 1 + 6*l**2 - 5*l**2 - 7 + 9*l - 1. Let t be z(-10). Suppose t*r = -2*u + 53, -u + 3 = -2*r - 13. Calculate the remainder when 43 is divided by u.
21
Suppose -2*i = 3*c + 3 - 49, 4*i + 28 = 4*c. Suppose 0*l = 8*l - 288. Calculate the remainder when l is divided by (39/c)/(4/16).
10
Let x = 25 + -31. Let r = x + 11. Suppose -r*d = 4*b - 96 - 6, -5*d + 4*b + 78 = 0. Calculate the remainder when d is divided by 10.
8
Let c = -160 - -234. Calculate the remainder when c is divided by 42.
32
Suppose 3*i = 6*g - 78, 3*g + 65 = -3*i + 122. Calculate the remainde